4796)/351?
4
Suppose -18*f - 6*f + 103392 = 0. What is the hundreds digit of f?
3
Let r(f) = -f**3 - 5*f**2 + 7*f + 8. Let u be r(-6). Let v be (-40)/4 - 0 - u. What is the units digit of 24/2*(-3)/v?
3
Suppose -2*k - 370 = -2*v + 2*k, 2*k - 4 = 0. Let q = 100 + 34. Let c = v - q. What is the tens digit of c?
5
Suppose 10 = -2*z, -3*h - 117 + 747 = 3*z. What is the hundreds digit of h?
2
Suppose -3*l + 2214 = -3*r - r, 3*l - 2217 = 3*r. What is the tens digit of l?
4
Let s(v) = 27*v**2 + 3*v + 1. Suppose 0 = 3*k - 4*k - 16. Let m = k + 15. What is the units digit of s(m)?
5
Let k be (-54)/10 + (-2 - (-36)/15). What is the units digit of -4 - ((-2)/10 - (-109)/k)?
8
Let j be (4 + 5)*(-26)/(-6). Suppose 11 + 25 = l - 3*i, l = 2*i + j. Suppose l = 7*x - 2*x. What is the units digit of x?
9
Let s = -26 - -17. Let p(d) = -5*d - 18. What is the units digit of p(s)?
7
Let r(w) = -w + 1. Let q be r(-4). Suppose 0 = -p + 2*n + 40, n = -q*p - 27 + 194. Let i = p + -23. What is the tens digit of i?
1
Let u = -14 + 14. Suppose u*d + 40 = 4*d. Let c = d - 1. What is the units digit of c?
9
Let j = 2196 - -935. What is the hundreds digit of j?
1
Suppose -651 = -2*p - q, 4*q - 3*q + 1617 = 5*p. Suppose -4*n - 40 + p = 0. What is the tens digit of n?
7
Let z be 0/((-4 - -1) + 1 + 1). Suppose d + 3*d - 182 = 5*j, z = -d - 4*j + 35. What is the units digit of d?
3
Let p(o) = -6*o - 21. Let v be p(-5). Suppose 0 = -4*h + 5*j - v + 115, 4*j + 80 = 3*h. What is the tens digit of h?
2
Suppose 0 = -0*z + 3*z + 12, -2*o + 4*z = 284. Let d = 235 + o. What is the tens digit of d?
8
Let p(l) = 5*l**2 + 7*l - 45. What is the tens digit of p(-10)?
8
Suppose 2*r - 8 = 0, -21*r + 20*r = -2*l + 3534. What is the tens digit of l?
6
Let q(a) = 0*a - 6*a + 3*a - 31 + 26 + 14*a**2. What is the hundreds digit of q(-3)?
1
Let y = -428 - -277. What is the tens digit of (9 - 10)/(1/y)?
5
What is the units digit of 171846/81 + 24/54?
2
Let l be ((-1)/(-1))/((-22)/(-66)). Suppose 6 = -h + 2*w, -l*w + 45 = -3*h - 6*w. What is the tens digit of (40/h)/((-1)/24)?
8
Let d(n) = -2 + 7*n + 4*n + 3 + 4*n + n**2. What is the tens digit of d(-16)?
1
Let z(a) = -2*a - 7. Let r(x) = -x**2 + 3*x + 4. Let o be r(5). Let i be z(o). Suppose -2*l + 4*y = -0*y - 4, -l - i*y + 23 = 0. What is the units digit of l?
8
What is the units digit of 96/21 + -5 + 176865/105?
4
Let y = -51 + 81. Let n be (-2)/(-4) + y/12. Suppose -j + 4*j + n*t = 96, 5*j - 176 = -t. What is the tens digit of j?
3
Let q = 136 + -209. Let h = q + 117. What is the units digit of (-20)/(-5) + 0 + h?
8
Let c(u) = -2*u + 4*u**2 + 6 - u + 0*u - 3*u. Let g be c(7). Suppose -2*m = 2*m - g. What is the tens digit of m?
4
What is the units digit of (13/7 - 2) + 2999889/959?
8
Let c(y) be the first derivative of -y**4/4 + 16*y**3/3 - 18*y**2 + 16*y - 22. What is the tens digit of c(13)?
5
Let k(p) be the second derivative of p**5/20 - 2*p**4/3 - 4*p**3/3 - 9*p**2/2 + 18*p. What is the hundreds digit of k(10)?
1
Let i(j) = -7 - 42 + 23 + 11*j - 30. What is the units digit of i(14)?
8
Let g be 3/((-1)/(20/6)). Let o be 2 + 48/28 - (-6)/21. Let w = o - g. What is the units digit of w?
4
Let f = -171 - -101. Let m = 105 + f. What is the tens digit of m?
3
Let o(y) = 4*y**3 + y**2 + 10*y - 14. What is the hundreds digit of o(5)?
5
Let l be -3 + 4/2 - -3. Suppose 2 = -2*h, 0 = -3*m + l*h + 2*h - 62. Let w = 53 + m. What is the units digit of w?
1
Suppose 0 = 3*i - 3, 4*d = -2*i + 5319 + 6207. What is the units digit of d?
1
Let c be (0 - -1)*(-8)/2. Let v be (7 - (-1)/(-1)) + c. What is the units digit of -6*v/4 - -28?
5
Let f(i) = -5*i**2 - i - 2. Let n be f(-1). Let q(x) = -7*x + 23. What is the tens digit of q(n)?
6
Let j(t) = 3*t**3 - 7*t**2 - 21*t + 25. What is the hundreds digit of j(9)?
4
Suppose -30*f = -11*f - 6327. What is the tens digit of f?
3
Let u(n) = 2*n**2 - 8*n + 5. Let d be u(5). Let c be (12/9)/(5/d). What is the tens digit of (2/4)/(c/328)?
4
Suppose -l - 94 = -4*g - 3*l, 0 = -g + 4*l + 10. Let h = -16 + g. What is the units digit of h?
6
Let w = -77 - -12. Let d = 812 - 686. Let z = w + d. What is the tens digit of z?
6
Let q(h) = -h + 7. Let p be q(5). Suppose -p*f - 12 = -0*y - 2*y, 2 = f. What is the units digit of y?
8
Suppose b - 6 + 30 = 0. Let n = b - -17. Let s = 13 + n. What is the units digit of s?
6
Let d(a) = 85*a**2 - 72*a - 1. What is the tens digit of d(-3)?
8
Let y = 961 + 1735. What is the hundreds digit of y?
6
Let z be 4 + 1 + -3 - 53. Let g = z + 141. What is the tens digit of g?
9
Let q = -19 - -12. What is the tens digit of (70/(-3))/(q/21)?
7
Let j be (150 + -3)*(-1)/(-3). Suppose -203 = -4*v + j. Let p = v - 33. What is the tens digit of p?
3
Let p(m) = -m**2 + m. Let t be p(1). Suppose -x - 3 = t, -8 = 2*u + 5*x + 3. Suppose 3*s - 74 = -u. What is the units digit of s?
4
Suppose 0 = -c + 4*l - 42 - 24, -4*l - 134 = 3*c. Let u = 109 + c. What is the units digit of u?
9
Let j(w) = w**2 + 6*w. Let l be j(-6). Suppose l = -10*n + 9*n + 94. What is the tens digit of n?
9
Let n(g) = -10*g - 3. Let i(h) = -9*h - 1. Let l be i(-1). Let s = 6 - l. What is the tens digit of n(s)?
1
Suppose 13*c + 89*c - 94452 = 0. What is the tens digit of c?
2
Suppose -1808 = -20*q + 5172. What is the hundreds digit of q?
3
Suppose 4*l + 1268 = 4*h, -4*h - h + 1601 = 3*l. What is the units digit of h?
9
What is the thousands digit of 5 + 1 + (-380846)/(-109)?
3
Let s(y) = 18*y - 31. Let g = 38 - 32. What is the tens digit of s(g)?
7
Suppose -2340*v = -2333*v - 19698. What is the tens digit of v?
1
What is the units digit of 2849 - -5*24/(-60)?
7
Let y(v) = 18*v**2 - 5*v - 8. What is the hundreds digit of y(-5)?
4
Suppose 6*d + 69 = 7*d. Suppose 0 = 3*u - d + 3. What is the tens digit of u?
2
Suppose 5*l + 16 = 2*q + l, 0 = -5*q + 4*l + 22. Let o(c) = -1 + c**2 + 3*c + 8*c + 3*c**q - 8*c. What is the tens digit of o(2)?
2
Suppose -9*t + 9904 = 2686. What is the hundreds digit of t?
8
Let a be (2 + -6)*(-3)/6. Let i(d) = -1 - 3*d**2 - a + 2*d**2 - 3*d - 2*d. What is the units digit of i(-4)?
1
What is the thousands digit of (-6 + -4)/(6/(-693))?
1
Suppose -2*l + 314 = 4*b, 2*l + 8 = -2. What is the units digit of b?
1
What is the units digit of -1 - 1 - (-664 + (-2 - -1))?
3
Let d(y) = -y**3 + 6*y**2 - 11*y + 38. Let i be d(5). Let r be 4/18 + 34/9. Suppose r = s - i. What is the tens digit of s?
1
Let l be (16 + -19)*(11 - 1). Let n = l + 137. What is the hundreds digit of n?
1
Suppose 2*f + 22*j - 23*j = 2623, -2*f = j - 2633. What is the hundreds digit of f?
3
Let c = 61 - 59. Suppose 7*y = 5*y + 2*p + 536, 5*y = -c*p + 1368. What is the tens digit of y?
7
Suppose 15014 = 11*c - 23200. What is the units digit of c?
4
Suppose 0 = -0*z + z - 3*c - 635, 2 = c. What is the tens digit of z?
4
Suppose 0 = -2*x + t + 7, -8 - 15 = -4*x - t. Suppose 8*k - x = 7*k. Suppose -k*b = m - 269, -b - 1 = -m - 56. What is the tens digit of b?
5
Let o(g) = -g**3 - 5*g**2 + 7*g + 4. Let d be o(-7). Suppose y + 15 = 6*y. What is the units digit of (-5)/(-15) + d/y?
8
Let g = 901 - 466. Let w = g + -158. What is the units digit of w?
7
Suppose 3*b + 2*o - 702 = 0, 4*o = 5*b + 2*o - 1186. What is the units digit of b?
6
What is the tens digit of ((-2)/1)/((-116)/14906)?
5
Let g = -86 + 84. What is the tens digit of (-458)/g + (0 - 3)?
2
Suppose -295 - 110 = -9*u. Suppose -1 = -l + u. What is the units digit of l?
6
Let n(k) = k**2 + 4*k - 5. Let i be n(11). Suppose 135 = 5*f - i. What is the units digit of f?
9
Suppose -3 = -2*z + 7. Suppose -2*r + f + 63 = -r, -r + 67 = -z*f. What is the tens digit of r?
6
Suppose -14 = -5*d + 1. Suppose 0 = d*a - 4*g - 278, a + a = -g + 167. What is the tens digit of a?
8
Suppose -62*b = -15*b - 20116. What is the units digit of b?
8
Let y(l) = 6*l**2 + 10*l + 11. What is the hundreds digit of y(13)?
1
Let m(b) = b**2 + b + 2. Let u be m(0). Suppose 5*l + 4*r = 205, 3*r - u*r + 123 = 3*l. What is the units digit of l?
1
Let i = 11 + -6. Suppose -3*b - 63 = -i*d + 20, -3*b = 3*d - 69. Let o = d + -3. What is the tens digit of o?
1
Suppose 5018 = 3*o + 2*p, -3*o = 3*p - 3186 - 1830. What is the units digit of o?
4
Suppose -5*u + 14 = -6. Suppose -d = 5*p - 60, -u*p = -2*d - 39 - 23. Let b = p + 7. What is th